Let h be q(-8). Let k(f) = -f**2 - 2*f + 4. Calculate k(h).
1
Let t = -1 + 4. Suppose 0 = -r + 2*r + 2*x - 4, -t*r + 11 = 5*x. Let v(k) = -3*k**3 - k**r + 2*k**3 + 0*k + 4*k. Give v(-3).
6
Let p = -6 + 12. Let r be p/(-1 - 1)*-1. Let i(l) = l**2 - 2*l - 4. What is i(r)?
-1
Let u(w) = -w**3 + 5*w**2 - 3*w + 2. Suppose f - 3 = -l + 2, 5*l - f - 19 = 0. Calculate u(l).
6
Let s be (-3)/6 - (-3)/2. Suppose -n - s = -2*k, -3*n - n = -3*k - 6. Let t(c) = -c**3 + 4*c**2 - 2*c. Determine t(k).
4
Let d(g) = -2*g - 1. Let w(b) = b. Let h(o) = -o. Let k(s) = 3*h(s) + 4*w(s). Let z(v) = d(v) - 3*k(v). Give z(1).
-6
Let l(j) be the second derivative of j**4/6 + j**3/6 + j**2/2 - 44*j. Calculate l(2).
11
Let f(m) = m**3 - m**2 - m + 1. Let u(h) = -2*h**3 + 9*h**2 + 3*h + 2. Let k(o) = -3*f(o) - u(o). Give k(-6).
-5
Let l(w) = w**2 + 5*w - 3. Let f(s) = -s**3 - 7*s**2 + 3. Let b be f(-7). Let d(v) = -5*v + 2. Let m be d(b). Let x = m - -9. Give l(x).
-7
Let w(a) = a**2 + a + 1. Let y(l) = -3*l - 9. Let q be y(-6). Let b = q - 5. Let z = b - 6. Determine w(z).
3
Let o(r) be the first derivative of r**5/20 - r**4/3 - 2*r**3/3 - 5*r**2/2 + r + 1. Let j(b) be the first derivative of o(b). What is j(5)?
0
Let l(a) = -1. Let b(t) = -5. Let i(s) = b(s) - 3*l(s). Let z(x) = -x. Let d(p) = i(p) + 3*z(p). Calculate d(2).
-8
Let w(v) = -v + 5. Suppose -3*n + 3 = 5*j, -3 = -3*n - 0. Let t = 0 - j. Suppose 0 = -t*c - 5*c + 25. What is w(c)?
0
Let y(o) be the third derivative of -o**5/60 - o**4/12 - o**3/6 - 69*o**2. Suppose -3 = 2*d - u, 0 = 4*u - 2*u - 2. Give y(d).
0
Let h(l) = l - 7. Suppose y + 66 = 72. Determine h(y).
-1
Let b(m) = -m**3 + 4*m**2 - m + 4. Let x be (-2)/((-4)/(-8) + -1). Determine b(x).
0
Let t(k) be the second derivative of k**3 + 2*k**2 + k + 3. What is t(3)?
22
Let d(c) = 2*c - 11. Let i be 2/(-4) + (-102)/(-12). What is d(i)?
5
Let w(n) = -n. Let x be (18 + -17)/(2/(-10)). Calculate w(x).
5
Let t(x) = -x**2 - 2*x - 3. Let y be t(-3). Let h(q) = q + 8. Calculate h(y).
2
Let n(d) = -3*d - 6. Let b be n(-3). Let f(y) be the first derivative of y**2 - 2 + 1/3*y**b + 3*y. Give f(-2).
3
Suppose 3*i = -2*v - 3*v - 14, 10 = 3*i - v. Let w(c) = -c - 2 + 3 + 0 - i*c. Calculate w(2).
-5
Let d(b) = b - 1. Let o(l) = -6*l + 4. Let g(z) = 22*d(z) + 4*o(z). Give g(5).
-16
Let f = 372 + -367. Let i(k) be the first derivative of -7/2*k**2 + 1/3*k**3 + 1 + 4*k. Determine i(f).
-6
Let p(z) be the first derivative of z**3/3 + 3*z**2/2 - 2*z - 48. Determine p(-3).
-2
Suppose 3*z - 30 = -2*z. Suppose -4*f - 6 = z. Let m(o) = -o**2 - 3*o - 2. Give m(f).
-2
Let r(j) = 3*j - 2. Let b(n) = -3*n + 2. Let f(p) = -p**2 + 2*p - 1. Let v be f(3). Let w(c) = v*b(c) - 3*r(c). Let s = -2 + 0. What is w(s)?
-8
Let r(p) = 5*p**3 - 8*p**2 + 15*p - 1. Let o(f) = -9*f**3 + 16*f**2 - 29*f + 1. Let x(q) = 6*o(q) + 11*r(q). Determine x(-9).
-5
Let z(h) be the first derivative of -h**4/4 - 10*h**3/3 + 4*h + 1. Let q be z(-10). Let y(w) = -w**2 + 4*w + 3. Determine y(q).
3
Let y(x) = -x + 1. Let m be y(2). Let r(k) = 7*k**3 - k**2 - 2*k - 1. Let d = -7 + 6. Let w(q) = -q**3. Let b(o) = d*r(o) - 6*w(o). Give b(m).
1
Let h(x) be the third derivative of -x**7/840 - x**6/120 + x**5/30 + 5*x**4/24 + x**3/3 - 2*x**2. Let b(r) be the first derivative of h(r). Give b(-4).
5
Let v(q) = 3*q**3 + 5*q**2 - 4*q - 4. Let w(x) = -4*x**3 - 5*x**2 + 3*x + 3. Let y(k) = -3*v(k) - 2*w(k). Determine y(-6).
6
Let n = 7 - 5. Suppose n = -j + 3*s, 20 = 5*j - 2*j + 4*s. Suppose -3*h + 10 - j = 0. Let g(b) = 2*b**2 + 3*b - 2. Give g(h).
12
Let w(h) = 7*h - 4*h + 2*h + 3 - 4*h. Let s = -12 - -8. Calculate w(s).
-1
Suppose n - 2 = 3. Let t(y) = y + 9. Let z be t(-6). Let d(b) = 6*b - 4*b - n*b**z + 6*b**3 + 3*b**2. What is d(-2)?
0
Let y(c) = -17*c + 10*c - 3 + 6*c. Give y(-8).
5
Let l(i) = 1 + 2*i - 2 + 0. Suppose -y + n = -2*y + 4, -1 = -y + 2*n. Calculate l(y).
5
Suppose 15 = 3*t + 2*t, -2*v = 3*t - 1. Let k(y) = -y - 7. Let r be k(v). Let i(l) be the first derivative of -l**3/3 - l**2 - 4*l - 20. Give i(r).
-7
Suppose 0 = 4*f - 70 + 14. Let t(s) = 0*s**3 - 15 + 2*s + 7*s**3 - 4*s - 2*s**2 + f. Determine t(-1).
-8
Let u(w) = -w**3 - 5*w**2 - 3*w - 11. Let d be u(-5). Let g(v) = 5*v + 2. Give g(d).
22
Let a(s) = 4*s + 3. Suppose 0 = -3*i - 12 + 6. Calculate a(i).
-5
Let u be 2/(-7) - (176/28)/(-1). Let x(p) = -2*p + 6. Give x(u).
-6
Let v(c) = -c**2 - 21*c - 1 + 4*c**2 - 19*c + 38*c. Determine v(2).
7
Let z be 1 + (3 - 2*(2 + -3)). Let f(t) = -2*t**2 + 9*t - 3. Calculate f(z).
-21
Let t(q) = 5*q**3 - q. Suppose -3*r + 20 = r. Suppose 0 = 4*f - r + 1. Determine t(f).
4
Let n(g) = g + 3. Let i be n(-5). Let x be (3 + -4)*(-2 + (-1)/(-1)). Let z = x + i. Let w(v) = -3*v**3 + v**2 + v + 1. What is w(z)?
4
Let o be 42/8 + 3/(-12). Let m(d) = -3*d + d**3 + 3*d - o*d**2 + 3 - 2*d. Let f(w) = -w**3 + 11*w**2 - 9*w - 5. Let c be f(10). Determine m(c).
-7
Let v(a) = 2*a + 3*a**2 - 2*a. Suppose 0 = d - 2*d - 4. Let z = 3 + d. Give v(z).
3
Let c(b) = 79*b - b**2 - 3*b**3 - 3*b**3 - 80*b. Give c(-1).
6
Let n(p) = 2*p**3 + 2*p**2 + p + 1. Let c = -148 - -146. Determine n(c).
-9
Let h(g) = -g. Let f be 3 - 6/2 - 1. Let d(m) = m**2 - m + 1. Let o(x) = f*d(x) - h(x). Determine o(2).
-1
Let o(a) = -2*a**2 + 2*a**2 - a**3 + 1. Suppose -4*h + 24 = -h. Suppose h = 7*r - 3*r. Give o(r).
-7
Let o = 21 + -17. Let n(d) = 9 + 5*d**2 - 3*d - d**3 - d - 4. What is n(o)?
5
Let m(d) = d + 9. Let g be m(-6). Let u(s) = 1 + 2 - 3*s**2 - 2 + 1 - s**g. Calculate u(-2).
-2
Let v(i) be the first derivative of -3*i + 1 - 1/2*i**2. Suppose -11*y + 3 = -10*y. Determine v(y).
-6
Let d be (-1)/(2/6*6/6). Let g(r) = r + 2. What is g(d)?
-1
Let v(t) = -4*t**2 + t**2 + 5*t**2 - 1. Give v(-2).
7
Let y(b) = -b**3 + 5*b**2 - 3*b - 2. Let d be y(4). Let q(l) = -2*l**3 + d*l**2 + l + 0*l**3 + 9*l**3. What is q(-1)?
-6
Let q = -13 + 18. Suppose q*y = -14 - 11. Let w(d) = d**2 - 2*d**2 + 2 - 6*d - 4. What is w(y)?
3
Suppose 0 = 4*u - 2 - 6. Let o(c) = 0*c**3 - u*c**3 - 2*c - 1 + 12*c**2 - 8*c**2. Determine o(2).
-5
Let d(l) be the third derivative of -7*l**4/12 - l**3/6 + 23*l**2. Determine d(-1).
13
Let f(z) = -z**2 + 0 + 7 - 1. Determine f(0).
6
Let f(s) = -8 - 3 - 5*s**3 + 4 + 2 + 3*s. Let h(j) = -6*j**3 + j**2 + 3*j - 6. Let k(n) = 5*f(n) - 4*h(n). Calculate k(-5).
9
Let n = 3 + 1. Let h(m) = 0*m**2 + 4*m**2 + m**3 + n*m - m**2 + 1. Calculate h(-3).
-11
Let k = 10 + -7. Let q = k - 6. Let w(o) = o + 4. Give w(q).
1
Let c = 8 + -6. Let x(u) = 0*u + u - c - 5. Determine x(3).
-4
Let x(u) = -u**2 + 7*u - 1. Let k be x(6). Let w(m) = -m**2 + 8*m - 6. What is w(k)?
9
Let t be (3/4)/(5/20). Let i(d) = t*d - d**3 - 2*d**2 + 4 + d**2 + 2*d**2. Determine i(3).
-5
Let s(j) = j**2 - 7*j - 4. Let w(u) = -12*u + 13. Let z(t) = 6*t - 7. Let b(v) = -3*w(v) - 5*z(v). Let n be b(2). Calculate s(n).
4
Suppose 4*t - 9 = 7. Let s(p) = 3*p**2 - 1. Let z(y) = -7*y**2 - y + 1. Let r(a) = -5*s(a) - 2*z(a). Calculate r(t).
-5
Let v(i) = 1 - 3*i**2 - 5*i + 6*i**2 - 2*i**2. Calculate v(7).
15
Let y(c) be the third derivative of c**5/60 + c**4/24 - 2*c**3/3 - c**2. Let t be y(-3). Let v(s) = -s - t - 4*s + 4*s. What is v(0)?
-2
Let p(w) = -4 - 5*w - w**2 + 2*w**2 - 2. Suppose k + 11 = z, -5*k + k = 2*z + 50. Let a = k - -18. Calculate p(a).
0
Let k be -1 + 4 + (-1)/(-1). Suppose -4*x - 6 = -6*x. Suppose g - k*g - x = 0. Let f(l) = 5*l - 1. Give f(g).
-6
Let j(y) = -y**3 - 3*y**2 + y - 4. Let r be j(-3). Let z = -4 - r. Let o(v) = -v**3 + 6 + v**3 - v**z - 5*v + 6*v**2. What is o(5)?
6
Let d(k) = -4*k + 1 + 3*k - 4. Let c = 19 - 21. Let h be -1 - (1 + 2 - c). Calculate d(h).
3
Let c(p) = 0*p + 0*p - 6*p**3 - 1. Let m = -71 + 72. Determine c(m).
-7
Let v(z) = 9*z**3 + z. Let c(u) = 19*u**3 + 2*u. Let o(a) = -6*c(a) + 13*v(a). Let q be 24/(-36)*(-3)/(-2). Give o(q).
-4
Suppose 3*x - x = 2. Let y(r) = -r**2. Suppose -12 + 4 = -4*h. Let f(c) = 4*c**3 + 2*c**2 - c + 1. Let o(l) = h*y(l) + f(l). Determine o(x).
4
Let s = -3 + 7. Let j(a) = 2*a + 4. Give j(s).
12
Suppose 5*b - 20 = 0, -5*t + 0*t = b + 1. Let v(n) = -29*n - 1. Give v(t).
28
Let c = 26 + -5. Let v = 35 - c. Suppose t + 0*t + 3 = -j, 2*t - v = 2*j. Let w(h) = h**2 + 8*h + 4. Determine w(j).
-11
Let b(r) = -r**2 + r. Let s(p) = 